{"id":155,"date":"2024-04-15T15:21:07","date_gmt":"2024-04-15T12:21:07","guid":{"rendered":"https:\/\/sealants.ustalar.com\/?page_id=155"},"modified":"2024-04-15T15:30:21","modified_gmt":"2024-04-15T12:30:21","slug":"yapistiricilar-2","status":"publish","type":"page","link":"https:\/\/sealants.ustalar.com\/index.php\/yapistiricilar-2\/","title":{"rendered":"Yap\u0131\u015ft\u0131r\u0131c\u0131lar"},"content":{"rendered":"\n<figure class=\"wp-block-embed is-type-video is-provider-youtube wp-block-embed-youtube wp-embed-aspect-16-9 wp-has-aspect-ratio\"><div class=\"wp-block-embed__wrapper\">\n<iframe loading=\"lazy\" title=\"GRAN\u0130T RENKL\u0130 - EB25 - Mermer ve Ta\u015f Yap\u0131\u015ft\u0131r\u0131c\u0131\" width=\"1170\" height=\"658\" src=\"https:\/\/www.youtube.com\/embed\/INgglu8Bf30?feature=oembed\" frameborder=\"0\" allow=\"accelerometer; autoplay; clipboard-write; encrypted-media; gyroscope; picture-in-picture; web-share\" referrerpolicy=\"strict-origin-when-cross-origin\" allowfullscreen><\/iframe>\n<\/div><\/figure>\n\n\n\n<figure class=\"wp-block-embed is-type-video is-provider-youtube wp-block-embed-youtube wp-embed-aspect-16-9 wp-has-aspect-ratio\"><div class=\"wp-block-embed__wrapper\">\n<iframe loading=\"lazy\" title=\"GRAN\u0130T MAST\u0130K - EB27 - Mermer ve Traverten Mastik Dolgu\" width=\"1170\" height=\"658\" src=\"https:\/\/www.youtube.com\/embed\/hstIlJkDG6k?feature=oembed\" frameborder=\"0\" allow=\"accelerometer; autoplay; clipboard-write; encrypted-media; gyroscope; picture-in-picture; web-share\" referrerpolicy=\"strict-origin-when-cross-origin\" allowfullscreen><\/iframe>\n<\/div><\/figure>\n\n\n\n<figure class=\"wp-block-embed is-type-video is-provider-youtube wp-block-embed-youtube wp-embed-aspect-16-9 wp-has-aspect-ratio\"><div class=\"wp-block-embed__wrapper\">\n<iframe loading=\"lazy\" title=\"GRAN\u0130T \u015eEFFAF - EB30 - \u015eeffaf Mermer ve Ta\u015f Yap\u0131\u015ft\u0131r\u0131c\u0131\" width=\"1170\" height=\"658\" src=\"https:\/\/www.youtube.com\/embed\/q_L6qrC1RTQ?feature=oembed\" frameborder=\"0\" allow=\"accelerometer; autoplay; clipboard-write; encrypted-media; gyroscope; picture-in-picture; web-share\" referrerpolicy=\"strict-origin-when-cross-origin\" allowfullscreen><\/iframe>\n<\/div><\/figure>\n\n\n\n<figure class=\"wp-block-embed is-type-video is-provider-youtube wp-block-embed-youtube wp-embed-aspect-16-9 wp-has-aspect-ratio\"><div class=\"wp-block-embed__wrapper\">\n<iframe loading=\"lazy\" title=\"MAXIBLACK EXTRA-VH2011-\u0417\u0430\u0449\u0438\u0442\u043d\u043e\u0435 \u0441\u0440\u0435\u0434\u0441\u0442\u0432\u043e \u0434\u043b\u044f \u043d\u0430\u0442\u0443\u0440\u0430\u043b\u044c\u043d\u043e\u0433\u043e \u043a\u0430\u043c\u043d\u044f, \u043e\u0436\u0438\u0432\u043b\u044f\u044e\u0449\u0435\u0435 \u0446\u0432\u0435\u0442,\u0432\u043e\u0434\u043e-\u0438 \u043c\u0430\u0441\u043b\u043e\u0441\u0442\u043e\u0439\u043a\u043e\u0435\" width=\"1170\" height=\"658\" src=\"https:\/\/www.youtube.com\/embed\/73_vJf1Rpv0?feature=oembed\" frameborder=\"0\" allow=\"accelerometer; autoplay; clipboard-write; encrypted-media; gyroscope; picture-in-picture; web-share\" referrerpolicy=\"strict-origin-when-cross-origin\" allowfullscreen><\/iframe>\n<\/div><\/figure>\n\n\n\n<figure class=\"wp-block-embed is-type-video is-provider-youtube wp-block-embed-youtube wp-embed-aspect-16-9 wp-has-aspect-ratio\"><div class=\"wp-block-embed__wrapper\">\n<iframe loading=\"lazy\" title=\"MAXIWAX - EM16 - S\u00fct Cila\" width=\"1170\" height=\"658\" src=\"https:\/\/www.youtube.com\/embed\/YtTRISTBYv8?list=UULFCeOzTxTyUW84HwTAo2vTAQ\" frameborder=\"0\" allow=\"accelerometer; autoplay; clipboard-write; encrypted-media; gyroscope; picture-in-picture; web-share\" referrerpolicy=\"strict-origin-when-cross-origin\" allowfullscreen><\/iframe>\n<\/div><\/figure>\n","protected":false},"excerpt":{"rendered":"","protected":false},"author":1,"featured_media":0,"parent":0,"menu_order":0,"comment_status":"closed","ping_status":"closed","template":"","meta":{"footnotes":""},"class_list":["post-155","page","type-page","status-publish","hentry"],"_links":{"self":[{"href":"https:\/\/sealants.ustalar.com\/index.php\/wp-json\/wp\/v2\/pages\/155","targetHints":{"allow":["GET"]}}],"collection":[{"href":"https:\/\/sealants.ustalar.com\/index.php\/wp-json\/wp\/v2\/pages"}],"about":[{"href":"https:\/\/sealants.ustalar.com\/index.php\/wp-json\/wp\/v2\/types\/page"}],"author":[{"embeddable":true,"href":"https:\/\/sealants.ustalar.com\/index.php\/wp-json\/wp\/v2\/users\/1"}],"replies":[{"embeddable":true,"href":"https:\/\/sealants.ustalar.com\/index.php\/wp-json\/wp\/v2\/comments?post=155"}],"version-history":[{"count":4,"href":"https:\/\/sealants.ustalar.com\/index.php\/wp-json\/wp\/v2\/pages\/155\/revisions"}],"predecessor-version":[{"id":160,"href":"https:\/\/sealants.ustalar.com\/index.php\/wp-json\/wp\/v2\/pages\/155\/revisions\/160"}],"wp:attachment":[{"href":"https:\/\/sealants.ustalar.com\/index.php\/wp-json\/wp\/v2\/media?parent=155"}],"curies":[{"name":"wp","href":"https:\/\/api.w.org\/{rel}","templated":true}]}}